)/(6/(-30)). Calculate the highest common factor of 2 and j.
1
Let k = -301 + 305. What is the highest common factor of 36 and k?
4
Let a be -40 + 837 - (-7)/1. Calculate the greatest common factor of 48 and a.
12
Let a = 912 - 509. What is the highest common factor of 31 and a?
31
Suppose f - 7 = 4*u, -12 - 7 = 4*u - 5*f. Let h be (u/3)/(5/(-60)). Suppose 171 = h*y - y. What is the highest common factor of 38 and y?
19
Let o = 502 + -391. Calculate the greatest common factor of o and 185.
37
Let h be 23 - (-4 + 0 - -9). Calculate the highest common factor of 774 and h.
18
Let v = -486 - -500. What is the greatest common factor of 7 and v?
7
Suppose 4*s - 10 = 5*a - 60, -5*s - 54 = -2*a. Let j be 0/2*5/s. Suppose j*o + 48 = 4*o. What is the highest common factor of 12 and o?
12
Suppose -3*x = 2*o - 153, 18*o - 22*o - x + 331 = 0. What is the highest common factor of 399 and o?
21
Suppose -3*k = 5*s - 153, 4*s - 3*k - 2*k = 115. Suppose 27*v = 4*a + 26*v - 1083, a + v = 267. What is the highest common factor of a and s?
30
Let j = -52 - -76. Let v(c) = 13*c**2 + 46*c**2 - 33 + 34. Let b be v(1). What is the highest common divisor of j and b?
12
Let c = -5 + 10. Suppose c*l - 81 = -31. Suppose i = -4*g + 11, 3*i = g - 20 + 1. Calculate the greatest common divisor of l and g.
2
Let x be 12 + -2 + (-10)/5. Let i = 24 - x. What is the highest common factor of 8 and i?
8
Let t = -396 + 539. Calculate the highest common factor of 221 and t.
13
Suppose l - 2*b - 4 = -42, 4*b = -4*l - 104. Let u = l + 46. What is the greatest common factor of 40 and u?
8
Let a = -252 - -312. Calculate the highest common factor of 50 and a.
10
Suppose 0*v - 10 = -2*v. Let k be 3*(5 + 30/(-9)). Calculate the highest common factor of k and v.
5
Suppose -257 = -h - y, 3*h + y - 6*y - 739 = 0. Calculate the greatest common factor of h and 33.
11
Let j be (-22)/(-18) + 2/(-9). Let x be 7*11/((-308)/(-8)). What is the greatest common divisor of x and j?
1
Let q(t) = 2*t**2 - 3*t - 2. Let n be q(-2). Let x be ((-14)/4)/((-6)/n). Let g = -68 - -117. Calculate the highest common divisor of g and x.
7
Suppose -4*f = 16 - 0, -5*u = -5*f - 140. Calculate the highest common divisor of 1860 and u.
12
Let y(h) = h**2 + 4*h. Let x be y(-4). Let t = x - -56. Suppose -4*o = -0*o - t. Calculate the highest common divisor of 56 and o.
14
Let g = -15 + 150. Let n = -14 + g. What is the highest common factor of 11 and n?
11
Suppose 3*h + 28 = -23. Let m be ((-10)/(-4))/(h/(-102)). Let o = -2 - -7. Calculate the highest common factor of o and m.
5
Let w = 736 - 428. Calculate the highest common divisor of w and 112.
28
Let v(t) = 3*t + 6. Let q be v(4). Let i = q + -8. Calculate the highest common factor of 5 and i.
5
Suppose 35 = p + 4*m, 58 = 2*p + 11*m - 15*m. Suppose -3*i - 3 = 0, n - i = 6*n - 619. What is the highest common factor of p and n?
31
Let h = -17 - -9. Let l be (-178)/h + (-12)/48. Calculate the greatest common divisor of 55 and l.
11
Let x be (-2*(-18)/(-12))/((-1)/60). Calculate the highest common divisor of x and 80.
20
Let o(f) = f**3 + 16*f**2 + 13*f - 18. Let z be o(-15). Calculate the greatest common divisor of 52 and z.
4
Let h(q) = q**3 + 16*q**2 - 18*q - 16. Let s be h(-17). Let p = 19 + s. Calculate the greatest common divisor of p and 20.
20
Let x be 12 + -8 - (-2*17)/2. Calculate the highest common factor of 42 and x.
21
Let x(i) = -2*i**2 + 12*i + 2. Let j be x(6). Let k be (-6*1/(-12))/(j/4). Calculate the greatest common factor of 13 and k.
1
Let x be 3 + (-38)/171 + 272/9. What is the greatest common divisor of 33 and x?
33
Let b be 38/38 + (-15 - 1). Suppose p + 3*j = 6*p + 36, -4*j - 10 = 3*p. Let g be b/(-10)*(-32)/p. What is the greatest common divisor of 64 and g?
8
Suppose 2*o = 5*b + 378, -3*o - 3*b + 4*b = -567. Calculate the highest common factor of 42 and o.
21
Suppose r + 39 = 3*w, 0 = -3*r - 0*r - 4*w - 182. Let m be 135/20*(-2 - r). What is the highest common divisor of 39 and m?
39
Let g = -7 - -11. Let t be (28 + -2)/((g - -1) + -3). What is the greatest common divisor of t and 91?
13
Suppose 404 = 26*b - 64. Let a(i) = -18*i**3 + i**2 - 1. Let v be a(-1). What is the highest common factor of v and b?
18
Suppose 0 = -52*y + 55*y - 243. Let n be 50/(-3)*(-2)/(12/y). What is the greatest common factor of n and 45?
45
Suppose 41*g = 63*g - 69080. Calculate the highest common divisor of 20 and g.
20
Suppose 46 = 2*m - d - 39, -2*m + 3*d = -83. What is the greatest common factor of 1376 and m?
43
Let y(z) = z**2 - 27*z - 53. Let k be y(29). Suppose 0 = -4*r - k*m + 155 - 27, -3*r = -3*m - 123. What is the greatest common divisor of 259 and r?
37
Let d be (-3873)/(-30) - (0 - 3/(-30)). Calculate the highest common factor of d and 172.
43
Suppose -76 = 4*u - 216. Calculate the highest common divisor of u and 280.
35
Let u(w) = 3*w - 11. Let i be u(5). Let a be (-4)/8 + (-22)/i. Let z be a/(-15) - 238/(-5). What is the greatest common factor of z and 6?
6
Let n(t) = -5*t**3 - 25*t**2 - 3*t - 10. Let y be n(-5). Calculate the greatest common divisor of 235 and y.
5
Suppose 0 = 3*w - 42 - 21. Suppose -4*a = -0*d + 3*d - 59, -73 = -5*a - 3*d. Let l = a + -11. What is the highest common factor of l and w?
3
Let y = -86 + 96. What is the highest common divisor of 4 and y?
2
Let k(o) = 2*o**2 - 33*o - 2. Let p be k(18). Calculate the highest common divisor of 364 and p.
52
Suppose -4*n - 322 + 1154 = 0. Calculate the greatest common divisor of n and 80.
16
Let k be 1 - -70 - (-2)/(-1). Let d = k + -34. Suppose -6*v = -v - d. Calculate the highest common divisor of v and 77.
7
Suppose -5*n - 40 = -5*i, 2*i + 35 = 7*i - 4*n. Let c(o) = -14*o**2 - 773*o - 117. Let x be c(-55). What is the highest common factor of i and x?
3
Suppose 2*l - l = 5*j - 18, -5*j - 90 = 5*l. Let d be (-51)/(-2) - l/(-12). What is the highest common factor of 8 and d?
8
Let r be (4/(-6))/((-2)/18*2). Suppose -k - f + 33 = -6*f, r*f + 15 = 0. Calculate the greatest common factor of k and 88.
8
Let h(m) = -12*m + 174. Let o be h(14). Let k = -6 + 54. Calculate the highest common factor of o and k.
6
Suppose 4*a - 57 = -5. Suppose 5*w - x = 2*w + 7, -5*x + a = -3*w. Let q = 6366 + -6358. Calculate the greatest common divisor of q and w.
4
Let n(a) = -a**3 - 28*a**2 - 4*a - 37. Let h be n(-28). What is the greatest common divisor of h and 25?
25
Let h = 149 + 17. Let j = 14 + h. What is the greatest common divisor of 72 and j?
36
Let h be (-4)/26 - (-4)/26. Let x be 2 + h + 2 + 108. Suppose 0 = -6*q + 2*q + x. Calculate the greatest common factor of q and 112.
28
Let n(j) = 9*j + 4. Let k be 12 + (-3)/(12/(-8)). Let q = k - 9. Let p be n(q). Calculate the greatest common divisor of 7 and p.
7
Let o(k) = -k**3 + 29*k**2 + 440*k + 19. Let n be o(-11). Suppose -266 = t - 3*t. Calculate the greatest common divisor of n and t.
19
Suppose 3*h + c - 1003 = -2*h, -612 = -3*h - 4*c. Let u be -5*((-5)/1*1)/1. What is the highest common factor of h and u?
25
Let v(j) = j**3 + 3*j**2 - 14*j - 4. Let r be v(-5). What is the highest common divisor of r and 256?
16
Suppose -4893 = -52*x + 14867. Calculate the greatest common divisor of 855 and x.
95
Let r = 563 - 507. Let f = 10 + -2. Calculate the highest common divisor of f and r.
8
Let x = 2 - -3. Let f be ((-5)/x)/((-2)/(-18)). Let w be ((-3)/f)/(1/33). What is the greatest common factor of w and 99?
11
Let o = 40 + 155. Calculate the greatest common divisor of 39 and o.
39
Suppose 18*w - 207 = 9*w. Calculate the greatest common divisor of w and 253.
23
Let x be 10 - 84 - (-6)/2. Let f = 77 + x. What is the highest common divisor of 15 and f?
3
Let y be 2*230/(-3 - 2). Let h = y - -95. Calculate the greatest common divisor of h and 24.
3
Suppose -101*j = -85*j - 8400. What is the greatest common factor of 150 and j?
75
Let i = 43 + 157. What is the greatest common factor of 125 and i?
25
Let m be (-12)/132*1 - (-1234)/22. Calculate the greatest common factor of m and 126.
14
Let v = 798 + -653. Let d be (4/2)/(2/29). Calculate the highest common factor of v and d.
29
Suppose 211 = 3*i + 5*j, 0 = 22*j - 20*j + 8. What is the greatest common divisor of i and 21?
7
Let p = -11 + 16. Suppose n = p*n - 60. Let a = n - 0. Calculate the greatest common